-l**3 - 2*l**2 - 11*l - 59. Give r(-4).
17
Let q(x) = -x**3 + 24*x**2 + 1871*x - 326. Give q(-33).
4
Let p(s) = s**3 - 19*s**2 - 20*s - 57. Give p(20).
-57
Let z(p) = 9*p + 139. What is z(43)?
526
Let z(v) = 2*v**2 - 221*v + 4627. What is z(28)?
7
Let x(l) = l**3 + 30*l**2 + 131*l - 99. What is x(-6)?
-21
Let p(r) = -r**2 - 76*r - 921. What is p(-15)?
-6
Let i(r) = -10*r**2 - 716*r + 3. Give i(0).
3
Let h(k) = 45*k + 730. Calculate h(-16).
10
Let d(f) = -f**2 + 19*f + 283. Calculate d(-12).
-89
Let w(y) = y**2 + 17*y - 116. Give w(-23).
22
Let u(w) = w**3 - 10*w + 10. Give u(1).
1
Let z(j) = 19*j + 677. Calculate z(-33).
50
Let d(x) = -2*x**2 - 2*x + 6. What is d(-4)?
-18
Let k(d) = 2*d**3 + 19*d**2 - 10*d + 4. Determine k(-10).
4
Let m(k) = k**3 - 10*k**2 - 37*k + 159. What is m(9)?
-255
Let l(b) = 4*b**2 + 24*b + 96. Give l(-10).
256
Let t(w) = -w**3 - 9*w**2 - 41*w - 96. Calculate t(-4).
-12
Let j(b) = b**3 + 26*b**2 - 203*b + 60. Calculate j(6).
-6
Let i(n) = 164*n + 2156. Calculate i(-13).
24
Let u(t) = 32*t + 34. Calculate u(-4).
-94
Let b(n) = -73*n - 7334. Give b(-101).
39
Let b(z) = 154*z - 4015. Calculate b(26).
-11
Let q(d) = -2*d**2 + 135*d + 964. Give q(74).
2
Let b(s) = 21*s - 308. Calculate b(16).
28
Let d(j) = -8*j - 105. What is d(-15)?
15
Let z(j) = 743*j + 1494. Give z(-2).
8
Let o(z) = -z**3 + 7*z**2 + 118*z + 8. Give o(15).
-22
Let d(b) = b**3 + 3*b**2 - 33*b - 75. What is d(-7)?
-40
Let n(i) = -i**3 + 18*i**2 - 37*i + 1545. Calculate n(20).
5
Let d(i) = 6*i**2 + 73*i - 12. What is d(-10)?
-142
Let j(n) = -72*n**2 - 1369*n + 19. Give j(-19).
38
Let s(t) = t**3 - 87*t**2 + 1888*t - 90. Determine s(46).
2
Let p(t) = -4*t**2 + 29*t + 161. Give p(-9).
-424
Let v(a) = a**2 + 248*a - 3108. Determine v(12).
12
Let y(t) = -t**3 + 26*t**2 + 55*t + 32. Determine y(28).
4
Let t(g) = -g**2 + 940*g + 51578. Give t(-52).
-6
Let i(b) = -20279*b + 40555. What is i(2)?
-3
Let i(w) = 49*w + 411. Give i(-5).
166
Let n(i) = -4*i**2 + 20*i - 104. Give n(4).
-88
Let g(m) = -m**2 + 10*m - 29. Calculate g(20).
-229
Let l(p) = -230*p + 1316. Calculate l(6).
-64
Let h(q) = q**2 - 63*q - 269. Calculate h(-4).
-1
Let x(s) = -3206*s - 22446. Determine x(-7).
-4
Let b(d) = 2*d**3 + 23*d**2 + 118*d + 489. Calculate b(-8).
-7
Let n(v) = -76*v - 17. Determine n(-8).
591
Let m(t) = 344*t + 8954. Calculate m(-26).
10
Let t(c) = c**2 - 803*c + 21688. Give t(28).
-12
Let f(a) = a**2 + 17*a + 3. What is f(-8)?
-69
Let r(u) = 426*u + 776. Calculate r(-2).
-76
Let q(t) = t**2 - 785*t - 223557. Calculate q(-222).
-3
Let a(l) = -l**3 + l**2 - 11*l + 216. What is a(0)?
216
Let h(r) = 5*r + 366. Determine h(-44).
146
Let i(o) = -109*o + 5566. What is i(51)?
7
Let a(l) = l**3 - 14*l**2 + 50*l - 21. Determine a(4).
19
Let c(o) = o**3 - 3*o**2 - 204*o + 800. What is c(4)?
0
Let n(g) = 106*g + 35. What is n(-2)?
-177
Let u(f) = 2*f**3 + 107*f**2 + 64*f. Determine u(-53).
-583
Let s(d) = -6017*d - 30085. Give s(-5).
0
Let u(j) = -j**2 + 50*j - 146. Give u(43).
155
Let d(p) = p**3 - 17*p**2 + 67*p - 67. Give d(12).
17
Let w(l) = -l**3 - 2*l**2 + 838*l + 56. What is w(28)?
0
Let u(j) = -j**3 + 99*j**2 + 416*j - 403. Determine u(103).
9
Let k(j) = 430*j + 27. Give k(0).
27
Let o(b) = 690*b + 244949. Give o(-355).
-1
Let z(y) = 10*y**2 - 4*y - 54. What is z(-5)?
216
Let m(i) = i**2 + 40*i - 1311. Calculate m(-61).
-30
Let y(k) = 1060*k - 2128. Give y(2).
-8
Let u(l) = -6*l**3 + 69*l**2 - 40*l + 81. Give u(11).
4
Let g(x) = x**2 + 25*x + 27. Calculate g(-20).
-73
Let z(w) = -2*w**2 + 2*w - 1. Calculate z(-9).
-181
Let g(u) = -1192*u + 9528. Calculate g(8).
-8
Let v(c) = -19*c**3 - 7*c**2 - 18*c - 12. What is v(-1)?
18
Let j(a) = -a**3 + 23*a**2 + a + 66. Give j(23).
89
Let l(q) = -2*q**3 - 16*q**2 + 40*q + 12. Give l(-10).
12
Let k(f) = -f**2 - 71*f - 1187. Determine k(-30).
43
Let v(r) = 55*r + 2750. Determine v(-50).
0
Let f(p) = -117*p**2 + 11*p + 11. What is f(-1)?
-117
Let a(i) = -i**2 + 30*i - 207. What is a(9)?
-18
Let n(b) = b**3 + 5*b**2 - 90. Determine n(0).
-90
Let w(r) = -112*r - 1159. Calculate w(-11).
73
Let p(r) = -r**2 - 461*r - 6693. Calculate p(-15).
-3
Let p(o) = o**2 - 24*o - 106. Give p(-6).
74
Let o(g) = 11*g**2 - 67*g - 71. Determine o(-1).
7
Let u(o) = 7*o**2 + 24*o + 25. Give u(6).
421
Let n(s) = -s**2 + 5*s + 1255. Give n(0).
1255
Let c(a) = -5*a**3 + 2*a**2 + 132*a + 538. Give c(-4).
362
Let h(v) = v**3 - 6*v**2 + 8*v + 8. Give h(3).
5
Let s(o) = o**3 - 9*o**2 - 14*o + 45. Calculate s(11).
133
Let i(t) = 13*t**2 - 4*t - 23. Give i(-1).
-6
Let g(m) = -1129*m - 28236. Calculate g(-25).
-11
Let s(a) = -2*a**2 - 182*a - 395. Give s(-88).
133
Let t(m) = m**3 + 43*m**2 + 18. Calculate t(-43).
18
Let z(v) = v**2 + 25*v + 233. Calculate z(-8).
97
Let i(h) = -h**3 - 4*h**2 + 1196*h + 4781. Calculate i(-4).
-3
Let u(i) = i**3 - 54*i**2 + 62*i - 505. Give u(53).
-28
Let f(d) = -2*d**2 + 22*d + 197. What is f(17)?
-7
Let h(z) = z**3 + 21*z**2 - 16*z - 181. What is h(-22)?
-313
Let i(p) = -p**2 - 104*p - 5. Calculate i(-104).
-5
Let j(n) = -n**3 + 30*n**2 + 250*n + 342. What is j(37)?
9
Let y(t) = -3*t**3 + 16*t**2 + 20*t - 20. Calculate y(6).
28
Let m(y) = y**3 + 14*y**2 - 145*y - 1846. Determine m(-16).
-38
Let m(c) = -294*c + 5286. Determine m(18).
-6
Let c(b) = -b**3 - 128*b**2 + 130*b + 152. Determine c(-129).
23
Let u(t) = 5*t**3 - 41*t**2 + 39*t - 247. Give u(8).
1
Let t(a) = -a**2 + 12*a - 101. Give t(20).
-261
Let o(x) = -172*x + 16. Calculate o(0).
16
Let o(j) = -j**3 - 8*j**2 - 2*j + 8. Give o(-5).
-57
Let v(k) = 24*k - 108. Determine v(4).
-12
Let a(b) = b**3 + 54*b**2 + 149*b - 296. Calculate a(-51).
-92
Let c(s) = -386*s - 5423. What is c(-14)?
-19
Let i(w) = 19*w + 449. Give i(-26).
-45
Let i(o) = -o**3 - o**2 + 40*o + 116. What is i(-3)?
14
Let y(b) = -b**2 - 22*b - 66. Determine y(-20).
-26
Let a(b) = 7*b - 142. Determine a(0).
-142
Let m(x) = 274*x - 1907. Calculate m(8).
285
Let m(j) = j**2 - 100*j + 2081. Determine m(70).
-19
Let t(g) = -11*g**2 + 7*g - 14. Give t(2).
-44
Let r(p) = -p**3 - 20*p**2 + 21*p + 16. Calculate r(-21).
16
Let i(k) = -2*k**3 - 7*k**2 + 129*k - 22. Calculate i(-10).
-12
Let t(q) = q**3 + 62*q**2 + 82*q + 1273. Calculate t(-61).
-8
Let q(k) = k**2 + 14*k - 245. Calculate q(-24).
-5
Let i(x) = 2*x**3 + 25*x**2 + 74*x + 9. Give i(-8).
-7
Let d(y) = -3*y**3 + 3*y**2 + 25*y - 5. Calculate d(8).
-1149
Let c(m) = m**3 + 16*m**2 - 1233*m - 20667. Give c(-17).
5
Let m(q) = 9*q**2 + 2774*q + 635. Give m(-308).
19
Let d(i) = -4*i**2 - 15*i + 23. Calculate d(-5).
-2
Let m(t) = 2*t**3 - 20*t**2 + 29*t - 45. Give m(9).
54
Let t(j) = 15*j**2 - 21*j + 36. Determine t(2).
54
Let g(v) = v**3 - 20*v**2 + 20*v - 68. What is g(19)?
-49
Let k(a) = -2*a**2 - 76*a - 376. Calculate k(-6).
8
Let c(n) = 1094*n + 8739. Calculate c(-8).
-13
Let c(y) = -y**3 + 26*y**2 + 45*y - 487. What is c(27)?
-1
Let m(o) = -80*o**2 - 213*o + 5. Calculate m(-3).
-76
Let q(t) = t**2 + t - 112. Determine q(10).
-2
Let m(j) = -j**3 + 32*j**2 + 32*j + 44. Calculate m(33).
11
Let i(l) = l**3 - 50*l**2 - 106*l - 56. What is i(52)?
-160
Let j(s) = s**3 - 2*s**2 + 12*s - 68. What is j(4)?
12
Let x(l) = l**3 + 8*l**2 - 17*l + 35. Give x(-10).
5
Let y(b) = -6*b**2 - 96*b + 454. Determine y(-20).
-26
Let j(h) = h**3 - 11*h**2 - 198*h - 13. Determine j(-10).
-133
Let a(h) = h**3 - 9*h**2 + 27*h - 239. Calculate a(9).
4
Let k(z) = 9*z**3 - 54*z**2 + 4*z + 96. Calculate k(5).
-109
Let m(v) = -v**3 - 25*v**2 + v + 591. Give m(-24).
-9
Let j(l) = -2459*l + 31953. Calculate j(13).
-14
Let z(h) = h**3 + 21*h**2 - 153*h + 121. Determine z(5).
6
Let j(z) = 11*z - 43. Determine j(-2).
-65
Let c(p) = -118*p - 10500. Calculate c(-89).
2
Let n(u) = 125*u + 663. Give n(-6).
-87
Let y(j) = 5*j**3 - 9*j**2 + 15*j + 7. Give y(5).
482
Let z(j) = -1000*j + 2025. What is z(2)?
25
Let h(l) = 6*l**3 - l**2 + 28*l - 11. Give h(0).
-11
Let z(a) = a**3 + 43*a**2 + 85*a - 1393. What is z(-40)?
7
Let u(b) = -b**3 - 12*b**2 + 47*b + 44. Calculate u(-15).
14
Let t(j) = 314*j - 8794. Give t(28).
-2
Let v(q) = -25*q + 211. What is v(11)?
-64
Let o(p) = 60*p**2 + 53*p - 108. What is o(2)?
238
Let i(b) = -b**3 + 3*b**2 + 61*b - 170. Determine i(3).
13
Let x(m) = 2*m**3 - 67*m**2 + 25*m - 9. Calculat